{"id":38,"date":"2017-07-13T14:46:13","date_gmt":"2017-07-13T14:46:13","guid":{"rendered":"http:\/\/musikfuerorgelundposaune.de\/?page_id=38"},"modified":"2023-03-06T14:11:32","modified_gmt":"2023-03-06T14:11:32","slug":"programme","status":"publish","type":"page","link":"https:\/\/musikfuerorgelundposaune.de\/?page_id=38","title":{"rendered":"Programme"},"content":{"rendered":"\t\t<div data-elementor-type=\"wp-post\" data-elementor-id=\"38\" class=\"elementor elementor-38\">\n\t\t\t\t\t\t<section class=\"elementor-section elementor-top-section elementor-element elementor-element-bbe3a32 elementor-section-boxed elementor-section-height-default elementor-section-height-default\" data-id=\"bbe3a32\" data-element_type=\"section\" data-e-type=\"section\">\n\t\t\t\t\t\t<div class=\"elementor-container elementor-column-gap-default\">\n\t\t\t\t\t<div class=\"elementor-column elementor-col-50 elementor-top-column elementor-element elementor-element-285d931\" data-id=\"285d931\" data-element_type=\"column\" data-e-type=\"column\">\n\t\t\t<div class=\"elementor-widget-wrap elementor-element-populated\">\n\t\t\t\t\t\t<div class=\"elementor-element elementor-element-647971e elementor-widget elementor-widget-text-editor\" data-id=\"647971e\" data-element_type=\"widget\" data-e-type=\"widget\" data-widget_type=\"text-editor.default\">\n\t\t\t\t<div class=\"elementor-widget-container\">\n\t\t\t\t\t\t\t\t\t<div class=\"page\" title=\"Page 1\"><div class=\"layoutArea\"><div class=\"column\"><div class=\"page\" title=\"Page 1\"><div class=\"layoutArea\"><div class=\"column\"><div><strong>VITRAUX | erschienen auf CD (2023)<\/strong><\/div><div>\u00a0<\/div><div>Elmar Lehnen und Hansj\u00f6rg Fink vertonten die dreizehn Fenster der Kirche Notre-Dame des Neiges in Alpe d\u00b4Huez (Frankreich), die sich zwischen den bogenf\u00f6rmigen Gew\u00f6lbepfeilern der Kirche befinden und die vom K\u00fcnstler Jean-Marie Pirot, genannt \u00a0Arcabas, hergestellt wurden. Sie veranschaulichen Szenen aus dem Evangelium nach Markus. Von 1990 bis 2002 hergestellt, wurden diese Kirchenfenster von den Glasmeistern Francoise Montfollet, dann Christophe Berthier gefertigt und vom Handwerksmeister Leon Sert angebracht. Fink und Lehnen komponierten in ihrer typischen Klang\u00e4sthetik und der Thematik entsprechend f\u00fcr jedes Fenster ein individuelles St\u00fcck und zeichnen mit musikalischen Mitteln ihre Version der au\u00dfergew\u00f6hnlichen\u00a0 Kunstwerke. Die Fenster werden in einer 13-monatigen Serie ab September 2021 auf ihrem eigens daf\u00fcr erstellten <a href=\"https:\/\/www.youtube.com\/channel\/UC7prGku48vSmKhpFR62NXNw\">YouTube-Kanal<\/a> in Bild und Ton pr\u00e4sentiert.<\/div><div>\u00a0<\/div><\/div><\/div><\/div><\/div><\/div><\/div>\t\t\t\t\t\t\t\t<\/div>\n\t\t\t\t<\/div>\n\t\t\t\t\t<\/div>\n\t\t<\/div>\n\t\t\t\t<div class=\"elementor-column elementor-col-50 elementor-top-column elementor-element elementor-element-0c18448\" data-id=\"0c18448\" data-element_type=\"column\" data-e-type=\"column\">\n\t\t\t<div class=\"elementor-widget-wrap elementor-element-populated\">\n\t\t\t\t\t\t<div class=\"elementor-element elementor-element-3cfe96a elementor-widget elementor-widget-image\" data-id=\"3cfe96a\" data-element_type=\"widget\" data-e-type=\"widget\" data-widget_type=\"image.default\">\n\t\t\t\t<div class=\"elementor-widget-container\">\n\t\t\t\t\t\t\t\t\t\t\t\t\t\t\t<img fetchpriority=\"high\" decoding=\"async\" width=\"600\" height=\"600\" src=\"https:\/\/musikfuerorgelundposaune.de\/wp-content\/uploads\/2023\/03\/Fink-Lehnen-Duo-2023.jpg\" class=\"attachment-medium_large size-medium_large wp-image-862\" alt=\"VITRAUX\" srcset=\"https:\/\/musikfuerorgelundposaune.de\/wp-content\/uploads\/2023\/03\/Fink-Lehnen-Duo-2023.jpg 600w, https:\/\/musikfuerorgelundposaune.de\/wp-content\/uploads\/2023\/03\/Fink-Lehnen-Duo-2023-300x300.jpg 300w, https:\/\/musikfuerorgelundposaune.de\/wp-content\/uploads\/2023\/03\/Fink-Lehnen-Duo-2023-150x150.jpg 150w, https:\/\/musikfuerorgelundposaune.de\/wp-content\/uploads\/2023\/03\/Fink-Lehnen-Duo-2023-230x230.jpg 230w, https:\/\/musikfuerorgelundposaune.de\/wp-content\/uploads\/2023\/03\/Fink-Lehnen-Duo-2023-350x350.jpg 350w, https:\/\/musikfuerorgelundposaune.de\/wp-content\/uploads\/2023\/03\/Fink-Lehnen-Duo-2023-480x480.jpg 480w\" sizes=\"(max-width: 600px) 100vw, 600px\" \/>\t\t\t\t\t\t\t\t\t\t\t\t\t\t\t<\/div>\n\t\t\t\t<\/div>\n\t\t\t\t<div class=\"elementor-element elementor-element-7a51d35 elementor-widget elementor-widget-text-editor\" data-id=\"7a51d35\" data-element_type=\"widget\" data-e-type=\"widget\" data-widget_type=\"text-editor.default\">\n\t\t\t\t<div class=\"elementor-widget-container\">\n\t\t\t\t\t\t\t\t\t<p><a href=\"https:\/\/www.youtube.com\/channel\/UC7prGku48vSmKhpFR62NXNw\">YouTube-Kanal<\/a><\/p>\t\t\t\t\t\t\t\t<\/div>\n\t\t\t\t<\/div>\n\t\t\t\t\t<\/div>\n\t\t<\/div>\n\t\t\t\t\t<\/div>\n\t\t<\/section>\n\t\t\t\t<section class=\"elementor-section elementor-top-section elementor-element elementor-element-aa9ldcz elementor-section-boxed elementor-section-height-default elementor-section-height-default\" data-id=\"aa9ldcz\" data-element_type=\"section\" data-e-type=\"section\">\n\t\t\t\t\t\t<div class=\"elementor-container elementor-column-gap-default\">\n\t\t\t\t\t<div class=\"elementor-column elementor-col-50 elementor-top-column elementor-element elementor-element-i6y9rzi\" data-id=\"i6y9rzi\" data-element_type=\"column\" data-e-type=\"column\">\n\t\t\t<div class=\"elementor-widget-wrap elementor-element-populated\">\n\t\t\t\t\t\t<div class=\"elementor-element elementor-element-0ptm76f elementor-widget elementor-widget-text-editor\" data-id=\"0ptm76f\" data-element_type=\"widget\" data-e-type=\"widget\" data-widget_type=\"text-editor.default\">\n\t\t\t\t<div class=\"elementor-widget-container\">\n\t\t\t\t\t\t\t\t\t<div class=\"page\" title=\"Page 1\"><div class=\"layoutArea\"><div class=\"column\"><div class=\"page\" title=\"Page 1\"><div class=\"layoutArea\"><div class=\"column\"><p><strong>SEVEN (SIEBEN)<\/strong> | <strong>erschienen auf CD\u00a0 (2018)<\/strong><\/p><\/div><\/div><div class=\"layoutArea\"><div class=\"column\"><p>Sieben klingende Fragmente u\u0308ber den Ursprung des Lebens: Soloposaune und Kirchenorgel zwischen Jazz und Tradition<br \/>Das Projekt SEVEN (SIEBEN) bescha\u0308ftigt sich, angelehnt an die Scho\u0308pfungsmythologie, mit der spirituellen Dimension von Scho\u0308pfung, mit der Frage nach dem Unbenennbaren, nach dem Fragmentarischen der Anfa\u0308nge des Lebens. Es will keine Antworten geben, sondern die Liebe zur Frage und zum Fragen neu erwecken.<\/p><p>Die Form der Improvisation hierfu\u0308r zu wa\u0308hlen, liegt nahe: Jede Improvisation ist ein scho\u0308pferischer Akt, an die Zeit gebunden, Antwort nur im Moment gebend, sich im na\u0308chsten Augenblick vera\u0308ndernd. Improvisation schafft Mo\u0308glichkeit, Offenheit, Weite, im Miteinander Dialog, Entwicklung, Verbindung &#8211; all dies Voraussetzungen fu\u0308r Fragestellungen ohne vorgezeichnete Antwort. Und auch im Changieren zwischen den Klangwelten von Jazz und Tradition spiegelt sich die Suche nach dem Universellen, nach den gemeinsamen Urspru\u0308ngen, auch nach der Essenz der Musik, wenn man so will.<\/p><\/div><\/div><\/div><\/div><\/div><\/div>\t\t\t\t\t\t\t\t<\/div>\n\t\t\t\t<\/div>\n\t\t\t\t\t<\/div>\n\t\t<\/div>\n\t\t\t\t<div class=\"elementor-column elementor-col-50 elementor-top-column elementor-element elementor-element-ze0nfrb\" data-id=\"ze0nfrb\" data-element_type=\"column\" data-e-type=\"column\">\n\t\t\t<div class=\"elementor-widget-wrap elementor-element-populated\">\n\t\t\t\t\t\t<div class=\"elementor-element elementor-element-j3hoerb elementor-widget elementor-widget-image\" data-id=\"j3hoerb\" data-element_type=\"widget\" data-e-type=\"widget\" data-widget_type=\"image.default\">\n\t\t\t\t<div class=\"elementor-widget-container\">\n\t\t\t\t\t\t\t\t\t\t\t\t\t\t\t<img decoding=\"async\" width=\"600\" height=\"600\" src=\"https:\/\/musikfuerorgelundposaune.de\/wp-content\/uploads\/2018\/07\/97737-seven2.jpg\" class=\"attachment-medium_large size-medium_large wp-image-278\" alt=\"\" srcset=\"https:\/\/musikfuerorgelundposaune.de\/wp-content\/uploads\/2018\/07\/97737-seven2.jpg 600w, https:\/\/musikfuerorgelundposaune.de\/wp-content\/uploads\/2018\/07\/97737-seven2-150x150.jpg 150w, https:\/\/musikfuerorgelundposaune.de\/wp-content\/uploads\/2018\/07\/97737-seven2-300x300.jpg 300w, https:\/\/musikfuerorgelundposaune.de\/wp-content\/uploads\/2018\/07\/97737-seven2-230x230.jpg 230w, https:\/\/musikfuerorgelundposaune.de\/wp-content\/uploads\/2018\/07\/97737-seven2-350x350.jpg 350w, https:\/\/musikfuerorgelundposaune.de\/wp-content\/uploads\/2018\/07\/97737-seven2-480x480.jpg 480w\" sizes=\"(max-width: 600px) 100vw, 600px\" \/>\t\t\t\t\t\t\t\t\t\t\t\t\t\t\t<\/div>\n\t\t\t\t<\/div>\n\t\t\t\t\t<\/div>\n\t\t<\/div>\n\t\t\t\t\t<\/div>\n\t\t<\/section>\n\t\t\t\t<section class=\"elementor-section elementor-top-section elementor-element elementor-element-onsa4ic elementor-section-boxed elementor-section-height-default elementor-section-height-default\" data-id=\"onsa4ic\" data-element_type=\"section\" data-e-type=\"section\">\n\t\t\t\t\t\t<div class=\"elementor-container elementor-column-gap-default\">\n\t\t\t\t\t<div class=\"elementor-column elementor-col-50 elementor-top-column elementor-element elementor-element-rcrjfy4\" data-id=\"rcrjfy4\" data-element_type=\"column\" data-e-type=\"column\">\n\t\t\t<div class=\"elementor-widget-wrap elementor-element-populated\">\n\t\t\t\t\t\t<div class=\"elementor-element elementor-element-a8xqqjz elementor-widget elementor-widget-text-editor\" data-id=\"a8xqqjz\" data-element_type=\"widget\" data-e-type=\"widget\" data-widget_type=\"text-editor.default\">\n\t\t\t\t<div class=\"elementor-widget-container\">\n\t\t\t\t\t\t\t\t\t<p><strong>REQUIEM | erschienen auf SACD (2014)<br \/><\/strong><em>\u201eEine ungew\u00f6hnliche Reise in die Welten von Improvisation und traditionellen Requiemschor\u00e4len: Gerade die Form des Requiems ist f\u00fcr musikalische Wagnisse ein idealer N\u00e4hrboden, die Musik\u00adgeschichte zeigt es. Sie kennt alle Facetten im Umgang mit Trauer und Tod &#8211; den sanften Tod, den beklagten Tod, den unbeugsamen Tod, den verkl\u00e4rten Tod. Mit dieser Aufnahme ist sie um ein Mosaiksteinchen reicher: Jahrhunderte alte Tradition trifft auf pulsierende, jazzige Lebenslust, komponierte Musik auf improvisierte, es begegnen sich Liturgie und Welt, Spiritualit\u00e4t und Sinnlichkeit. Hansj\u00f6rg Fink und Elmar Lehnen bewegen sich sicher auf den historischen Fundamenten und setzen dar\u00fcber eigene, freiheitliche Figuren. Sie erweisen sich als profilierte Grenzg\u00e4nger und beweisen, dass sich die Gegens\u00e4tze verbinden lassen. Wenn sie in einigen Momenten dieser Aufnahme den Schleier der Tradition wegziehen und dahinter ein freies Experimentierfeld offenlegen, erscheint manch d\u00fcsterer Todesmoment in mildem, teilweise so nicht gekanntem Licht.\u201c<\/em>(Textquelle: <u>audite<\/u>)<br \/>Die CD zum Programm entstand 2014 und wurde in der Marienbasilika zu Kevelaer (Seifert-Orgel) aufgenommen und erschien beim audite Verlag.<\/p>\t\t\t\t\t\t\t\t<\/div>\n\t\t\t\t<\/div>\n\t\t\t\t\t<\/div>\n\t\t<\/div>\n\t\t\t\t<div class=\"elementor-column elementor-col-50 elementor-top-column elementor-element elementor-element-8gz4f4y\" data-id=\"8gz4f4y\" data-element_type=\"column\" data-e-type=\"column\">\n\t\t\t<div class=\"elementor-widget-wrap elementor-element-populated\">\n\t\t\t\t\t\t<div class=\"elementor-element elementor-element-140n319 elementor-widget elementor-widget-image\" data-id=\"140n319\" data-element_type=\"widget\" data-e-type=\"widget\" data-widget_type=\"image.default\">\n\t\t\t\t<div class=\"elementor-widget-container\">\n\t\t\t\t\t\t\t\t\t\t\t\t\t\t\t<img decoding=\"async\" width=\"600\" height=\"600\" src=\"https:\/\/musikfuerorgelundposaune.de\/wp-content\/uploads\/2017\/07\/01-SACD-requiem.jpg\" class=\"attachment-large size-large wp-image-7\" alt=\"\" srcset=\"https:\/\/musikfuerorgelundposaune.de\/wp-content\/uploads\/2017\/07\/01-SACD-requiem.jpg 600w, https:\/\/musikfuerorgelundposaune.de\/wp-content\/uploads\/2017\/07\/01-SACD-requiem-150x150.jpg 150w, https:\/\/musikfuerorgelundposaune.de\/wp-content\/uploads\/2017\/07\/01-SACD-requiem-300x300.jpg 300w, https:\/\/musikfuerorgelundposaune.de\/wp-content\/uploads\/2017\/07\/01-SACD-requiem-230x230.jpg 230w, https:\/\/musikfuerorgelundposaune.de\/wp-content\/uploads\/2017\/07\/01-SACD-requiem-350x350.jpg 350w, https:\/\/musikfuerorgelundposaune.de\/wp-content\/uploads\/2017\/07\/01-SACD-requiem-480x480.jpg 480w\" sizes=\"(max-width: 600px) 100vw, 600px\" \/>\t\t\t\t\t\t\t\t\t\t\t\t\t\t\t<\/div>\n\t\t\t\t<\/div>\n\t\t\t\t\t<\/div>\n\t\t<\/div>\n\t\t\t\t\t<\/div>\n\t\t<\/section>\n\t\t\t\t<section class=\"elementor-section elementor-top-section elementor-element elementor-element-mrmuhzf elementor-section-boxed elementor-section-height-default elementor-section-height-default\" data-id=\"mrmuhzf\" data-element_type=\"section\" data-e-type=\"section\">\n\t\t\t\t\t\t<div class=\"elementor-container elementor-column-gap-default\">\n\t\t\t\t\t<div class=\"elementor-column elementor-col-50 elementor-top-column elementor-element elementor-element-roqfsts\" data-id=\"roqfsts\" data-element_type=\"column\" data-e-type=\"column\">\n\t\t\t<div class=\"elementor-widget-wrap elementor-element-populated\">\n\t\t\t\t\t\t<div class=\"elementor-element elementor-element-enwhbqz elementor-widget elementor-widget-text-editor\" data-id=\"enwhbqz\" data-element_type=\"widget\" data-e-type=\"widget\" data-widget_type=\"text-editor.default\">\n\t\t\t\t<div class=\"elementor-widget-container\">\n\t\t\t\t\t\t\t\t\t<p><strong>SALVE REGINA | Klangbilder Marianischer Chor\u00e4le | erschienen auf CD (2010)<br \/><\/strong><em>Marianische Chor\u00e4le<\/em>, Bestandteile der Liturgie der katholischen Kirche, dienten als Ausgangspunkt f\u00fcr diese neu komponierten Werke von Hansj\u00f6rg Fink und Elmar Lehnen. Melodische, harmonische und rhythmische Strukturen wurden erarbeitet, die f\u00fcr spontane Interpretation und Improvisation viel Freiraum lassen und die urspr\u00fcnglichen Chor\u00e4le um ein Vielfaches erweiterten.<br \/>Die CD zum Programm entstand 2010 und wurde in der Marienbasilika zu Kevelaer (Seifert-Orgel) aufgenommen und erschien beim Lahn Verlag.<\/p>\t\t\t\t\t\t\t\t<\/div>\n\t\t\t\t<\/div>\n\t\t\t\t\t<\/div>\n\t\t<\/div>\n\t\t\t\t<div class=\"elementor-column elementor-col-50 elementor-top-column elementor-element elementor-element-lfhnmrt\" data-id=\"lfhnmrt\" data-element_type=\"column\" data-e-type=\"column\">\n\t\t\t<div class=\"elementor-widget-wrap elementor-element-populated\">\n\t\t\t\t\t\t<div class=\"elementor-element elementor-element-st53pi9 elementor-widget elementor-widget-image\" data-id=\"st53pi9\" data-element_type=\"widget\" data-e-type=\"widget\" data-widget_type=\"image.default\">\n\t\t\t\t<div class=\"elementor-widget-container\">\n\t\t\t\t\t\t\t\t\t\t\t\t\t\t\t<img loading=\"lazy\" decoding=\"async\" width=\"670\" height=\"664\" src=\"https:\/\/musikfuerorgelundposaune.de\/wp-content\/uploads\/2017\/07\/02-CD-Salve-Regina.jpg\" class=\"attachment-large size-large wp-image-6\" alt=\"\" srcset=\"https:\/\/musikfuerorgelundposaune.de\/wp-content\/uploads\/2017\/07\/02-CD-Salve-Regina.jpg 670w, https:\/\/musikfuerorgelundposaune.de\/wp-content\/uploads\/2017\/07\/02-CD-Salve-Regina-150x150.jpg 150w, https:\/\/musikfuerorgelundposaune.de\/wp-content\/uploads\/2017\/07\/02-CD-Salve-Regina-300x297.jpg 300w, https:\/\/musikfuerorgelundposaune.de\/wp-content\/uploads\/2017\/07\/02-CD-Salve-Regina-230x228.jpg 230w, https:\/\/musikfuerorgelundposaune.de\/wp-content\/uploads\/2017\/07\/02-CD-Salve-Regina-350x347.jpg 350w, https:\/\/musikfuerorgelundposaune.de\/wp-content\/uploads\/2017\/07\/02-CD-Salve-Regina-480x476.jpg 480w\" sizes=\"(max-width: 670px) 100vw, 670px\" \/>\t\t\t\t\t\t\t\t\t\t\t\t\t\t\t<\/div>\n\t\t\t\t<\/div>\n\t\t\t\t\t<\/div>\n\t\t<\/div>\n\t\t\t\t\t<\/div>\n\t\t<\/section>\n\t\t\t\t<\/div>\n\t\t","protected":false},"excerpt":{"rendered":"<p>VITRAUX | erschienen auf CD (2023)\u00a0Elmar Lehnen und Hansj\u00f6rg Fink vertonten die dreizehn Fenster der Kirche Notre-Dame des Neiges in Alpe d\u00b4Huez [&hellip;]<\/p>\n","protected":false},"author":1,"featured_media":0,"parent":0,"menu_order":0,"comment_status":"closed","ping_status":"closed","template":"page-templates\/page_fullwidth.php","meta":{"footnotes":""},"class_list":["post-38","page","type-page","status-publish","hentry"],"_links":{"self":[{"href":"https:\/\/musikfuerorgelundposaune.de\/index.php?rest_route=\/wp\/v2\/pages\/38","targetHints":{"allow":["GET"]}}],"collection":[{"href":"https:\/\/musikfuerorgelundposaune.de\/index.php?rest_route=\/wp\/v2\/pages"}],"about":[{"href":"https:\/\/musikfuerorgelundposaune.de\/index.php?rest_route=\/wp\/v2\/types\/page"}],"author":[{"embeddable":true,"href":"https:\/\/musikfuerorgelundposaune.de\/index.php?rest_route=\/wp\/v2\/users\/1"}],"replies":[{"embeddable":true,"href":"https:\/\/musikfuerorgelundposaune.de\/index.php?rest_route=%2Fwp%2Fv2%2Fcomments&post=38"}],"version-history":[{"count":51,"href":"https:\/\/musikfuerorgelundposaune.de\/index.php?rest_route=\/wp\/v2\/pages\/38\/revisions"}],"predecessor-version":[{"id":885,"href":"https:\/\/musikfuerorgelundposaune.de\/index.php?rest_route=\/wp\/v2\/pages\/38\/revisions\/885"}],"wp:attachment":[{"href":"https:\/\/musikfuerorgelundposaune.de\/index.php?rest_route=%2Fwp%2Fv2%2Fmedia&parent=38"}],"curies":[{"name":"wp","href":"https:\/\/api.w.org\/{rel}","templated":true}]}}